{"id":206,"date":"2023-10-09T17:44:11","date_gmt":"2023-10-09T17:44:11","guid":{"rendered":"https:\/\/eletteregeszseg.hu\/?page_id=206"},"modified":"2023-11-19T18:45:02","modified_gmt":"2023-11-19T17:45:02","slug":"mozgaskoordinacio-fejlesztes-talpizom-erosites-huple-egyensuly-terapia","status":"publish","type":"page","link":"https:\/\/eletteregeszseg.hu\/?page_id=206","title":{"rendered":"Mozg\u00e1skoordin\u00e1ci\u00f3 fejleszt\u00e9s, Talpizom er\u0151s\u00edt\u00e9s, Huple egyens\u00faly ter\u00e1pia"},"content":{"rendered":"\n<div class=\"wp-block-columns has-background is-layout-flex wp-container-core-columns-is-layout-9d6595d7 wp-block-columns-is-layout-flex\" style=\"background-color:#f5e6cd\">\n<div class=\"wp-block-column is-layout-flow wp-block-column-is-layout-flow\" style=\"flex-basis:30%\">\n<figure class=\"wp-block-image size-full\"><img loading=\"lazy\" decoding=\"async\" width=\"746\" height=\"947\" src=\"https:\/\/et.mhan.hu\/wp-content\/uploads\/2023\/09\/babaegeszsegszimbolum.png\" alt=\"\" class=\"wp-image-93\" style=\"object-fit:cover\" srcset=\"https:\/\/eletteregeszseg.hu\/wp-content\/uploads\/2023\/09\/babaegeszsegszimbolum.png 746w, https:\/\/eletteregeszseg.hu\/wp-content\/uploads\/2023\/09\/babaegeszsegszimbolum-236x300.png 236w\" sizes=\"auto, (max-width: 746px) 100vw, 746px\" \/><\/figure>\n<\/div>\n\n\n\n<div class=\"wp-block-column is-layout-flow wp-block-column-is-layout-flow\">\n<figure class=\"wp-block-image size-large x-auto\"><img loading=\"lazy\" decoding=\"async\" width=\"1024\" height=\"704\" src=\"https:\/\/eletteregeszseg.hu\/wp-content\/uploads\/2023\/10\/babaspottyosszimbolummal-1024x704-1.svg\" alt=\"\" class=\"wp-image-387\"\/><\/figure>\n<\/div>\n<\/div>\n\n\n\n<div class=\"wp-block-group is-content-justification-center is-nowrap is-layout-flex wp-container-core-group-is-layout-94bc23d7 wp-block-group-is-layout-flex\">\n<figure class=\"wp-block-image size-large is-resized\"><img loading=\"lazy\" decoding=\"async\" width=\"1024\" height=\"187\" src=\"https:\/\/eletteregeszseg.hu\/wp-content\/uploads\/2023\/10\/mozgaskoordtalpizomhuple-1024x187.png\" alt=\"\" class=\"wp-image-247\" style=\"object-fit:contain;width:undefinedpx;height:100px\" srcset=\"https:\/\/eletteregeszseg.hu\/wp-content\/uploads\/2023\/10\/mozgaskoordtalpizomhuple-1024x187.png 1024w, https:\/\/eletteregeszseg.hu\/wp-content\/uploads\/2023\/10\/mozgaskoordtalpizomhuple-300x55.png 300w, https:\/\/eletteregeszseg.hu\/wp-content\/uploads\/2023\/10\/mozgaskoordtalpizomhuple-768x141.png 768w, https:\/\/eletteregeszseg.hu\/wp-content\/uploads\/2023\/10\/mozgaskoordtalpizomhuple-1536x281.png 1536w, https:\/\/eletteregeszseg.hu\/wp-content\/uploads\/2023\/10\/mozgaskoordtalpizomhuple-2048x375.png 2048w\" sizes=\"auto, (max-width: 1024px) 100vw, 1024px\" \/><\/figure>\n<\/div>\n\n\n\n<div style=\"height:50px\" aria-hidden=\"true\" class=\"wp-block-spacer\"><\/div>\n\n\n\n<h2 class=\"wp-block-heading x-hand has-large-font-size\" style=\"font-style:normal;font-weight:400\">Mozg\u00e1skoordin\u00e1ci\u00f3 fejleszt\u00e9s<\/h2>\n\n\n\n<figure class=\"wp-block-image size-large is-resized x-float-left x-fix-width\"><img loading=\"lazy\" decoding=\"async\" width=\"1024\" height=\"1024\" src=\"https:\/\/eletteregeszseg.hu\/wp-content\/uploads\/2023\/10\/mozgaskoordinacio-1024x1024.png\" alt=\"\" class=\"wp-image-314\" style=\"height:150px\" srcset=\"https:\/\/eletteregeszseg.hu\/wp-content\/uploads\/2023\/10\/mozgaskoordinacio-1024x1024.png 1024w, https:\/\/eletteregeszseg.hu\/wp-content\/uploads\/2023\/10\/mozgaskoordinacio-300x300.png 300w, https:\/\/eletteregeszseg.hu\/wp-content\/uploads\/2023\/10\/mozgaskoordinacio-150x150.png 150w, https:\/\/eletteregeszseg.hu\/wp-content\/uploads\/2023\/10\/mozgaskoordinacio-768x767.png 768w, https:\/\/eletteregeszseg.hu\/wp-content\/uploads\/2023\/10\/mozgaskoordinacio.png 1043w\" sizes=\"auto, (max-width: 1024px) 100vw, 1024px\" \/><\/figure>\n\n\n\n<p class=\"has-text-align-justify\" id=\"E55\">A mozg\u00e1skoordin\u00e1ci\u00f3 nem m\u00e1s, mint a mozg\u00e1s t\u00e9rben \u00e9s id\u0151ben \u00f6sszehangolt \u00e9s \u00f6sszerendezett kivitelez\u00e9se, v\u00e9grehajt\u00e1sa. A koordin\u00e1lt vagy \u00f6sszerendezett mozg\u00e1s l\u00e9trej\u00f6tt\u00e9hez t\u00f6bb k\u00f6vetelm\u00e9nynek is meg kell val\u00f3sulnia, mint p\u00e9ld\u00e1ul: a vestibul\u00e1ris idegrendszer \u00e9retts\u00e9ge, megfelel\u0151\/norm\u00e1l izomt\u00f3nus, megfelel\u0151 izomer\u0151, ellazults\u00e1g, szem-k\u00e9z koordin\u00e1ci\u00f3 kialakul\u00e1sa, koncentr\u00e1ci\u00f3 k\u00e9pess\u00e9ge\u2026<\/p>\n\n\n\n<p class=\"has-text-align-justify\" id=\"E69\">M\u00e1r eg\u00e9szen kicsi gyerekkorban fontos a mozg\u00e1skoordin\u00e1ci\u00f3 fejleszt\u00e9se, mert abban az esetben, ha nem megfelel\u0151en fejl\u0151dik a gyermek idegrendszer\u00e9nek ezen ter\u00fclete, probl\u00e9m\u00e1i ad\u00f3dhatnak p\u00e9ld\u00e1ul a szem-k\u00e9z koordin\u00e1ci\u00f3 ter\u00fclet\u00e9n, vagy a t\u00e9ri t\u00e1j\u00e9koz\u00f3d\u00e1s sor\u00e1n. Ezek pedig n\u00e9lk\u00fcl\u00f6zhetetlenek az \u00edr\u00e1s \u00e9s az olvas\u00e1s tanul\u00e1s\u00e1hoz. Tov\u00e1bb\u00e1 az egyens\u00faly\u00e9rz\u00e9k \u00e9s a mozg\u00e1s fejl\u0151d\u00e9se szoros \u00f6sszek\u00f6ttet\u00e9sben van az \u00e9rtelmi k\u00e9pess\u00e9gek fejl\u0151d\u00e9s\u00e9vel is!<\/p>\n\n\n\n<p class=\"has-text-align-justify\" id=\"E55\">Amikor egyens\u00falyozunk, a vesztibul\u00e1ris idegrendszer\u00fcnk \u00e9rz\u00e9keli a test\u00fcnk t\u00e9rbeli helyzet\u00e9t, korrig\u00e1lja a mozdulatainkat mik\u00f6zben m\u0171k\u00f6dteti a szemmozg\u00e1sunkat, figyeli az izomt\u00f3nusunkat \u00e9s a mozg\u00e1sunk sebess\u00e9g\u00e9t is.<\/p>\n\n\n\n<p class=\"has-text-align-justify\" id=\"E93\">Az \u00c9let-t\u00e9rben a mozg\u00e1skoordin\u00e1ci\u00f3s fejleszt\u00e9st j\u00e1t\u00e9kos feladatokkal, sz\u00ednes, izgalmas eszk\u00f6z\u00f6kkel (\u00e9nekkel, mond\u00f3k\u00e1val, sz\u00ednek, form\u00e1k, sz\u00e1mok j\u00e1t\u00e9k\u00e1val) tan\u00edtom be a gyermekeknek. \u00cdgy sz\u00e1mukra a torna nem teher, hanem kalandos j\u00e1t\u00e9kk\u00e9nt \u00e9lhetik meg, \u00e9s ak\u00e1r otthon is folytathatj\u00e1k a gyakorl\u00e1st sz\u00fcl\u0151i seg\u00edts\u00e9ggel!<\/p>\n\n\n\n<h2 class=\"wp-block-heading x-hand has-large-font-size\" id=\"E111\" style=\"font-style:normal;font-weight:400\">Talpizom er\u0151s\u00edt\u00e9s<\/h2>\n\n\n\n<figure class=\"wp-block-image size-large is-resized x-float-left x-fix-width\"><img loading=\"lazy\" decoding=\"async\" width=\"1024\" height=\"1024\" src=\"https:\/\/eletteregeszseg.hu\/wp-content\/uploads\/2023\/11\/talpizom-1024x1024.png\" alt=\"\" class=\"wp-image-449\" style=\"height:150px\" srcset=\"https:\/\/eletteregeszseg.hu\/wp-content\/uploads\/2023\/11\/talpizom-1024x1024.png 1024w, https:\/\/eletteregeszseg.hu\/wp-content\/uploads\/2023\/11\/talpizom-300x300.png 300w, https:\/\/eletteregeszseg.hu\/wp-content\/uploads\/2023\/11\/talpizom-150x150.png 150w, https:\/\/eletteregeszseg.hu\/wp-content\/uploads\/2023\/11\/talpizom-768x767.png 768w, https:\/\/eletteregeszseg.hu\/wp-content\/uploads\/2023\/11\/talpizom.png 1043w\" sizes=\"auto, (max-width: 1024px) 100vw, 1024px\" \/><\/figure>\n\n\n\n<p class=\"has-text-align-justify\" id=\"E113\">Az ember felegyenesed\u00e9s\u00e9nek egyik legfontosabb pillanata az, amikor talpra \u00e1llunk. A boka, l\u00e1bak \u00edz\u00fcleteinek helyzete nagyon fontos szerepet j\u00e1tszik abban, hogy hogyan \u00e9rz\u00e9kelj\u00fck a talajt, milyen az \u00e1ll\u00e1sunk stabilit\u00e1sa, milyen a t\u00e9rdek, cs\u00edp\u0151k, gerinc tengely\u00e1ll\u00e1sa. Nagyobb gyerekkorban m\u00e1r mindenki tudja, hogy milyen fontos a l\u00fadtalp \u00e9s bokas\u00fcllyed\u00e9s elker\u00fcl\u00e9se, \u00e1m tal\u00e1n kevesebben tudj\u00e1k, hogy a boka, l\u00e1bfejek helyzete m\u00e1r csecsem\u0151korban, az els\u0151 talpra\u00e1ll\u00e1st\u00f3l kulcsfontoss\u00e1g\u00fa. Alapos, korai odafigyel\u00e9ssel megel\u0151zhet\u0151 a l\u00fadtalp, bokas\u00fcllyed\u00e9s! Ehhez elengedhetetlen a baba bok\u00e1j\u00e1t j\u00f3l tart\u00f3 szand\u00e1l\/cip\u0151 visel\u00e9se, lehet\u0151s\u00e9g szerint az egyenetlen talajon (f\u0171, kavics, homok) val\u00f3 mez\u00edtl\u00e1b j\u00e1r\u00e1s, illetve sz\u00fcks\u00e9g eset\u00e9n a mihamarabb megkezdett talpizom, l\u00e1bizom er\u0151s\u00edt\u0151 torna!<\/p>\n\n\n\n<p class=\"has-text-align-justify\" id=\"E124\">Az \u00c9let-t\u00e9rben a talpizom, l\u00e1bizom er\u0151s\u00edt\u0151 torn\u00e1t j\u00e1t\u00e9kos feladatokkal, sz\u00ednes, izgalmas eszk\u00f6z\u00f6kkel (\u00e9nekkel, mond\u00f3k\u00e1val, sz\u00ednek, form\u00e1k, sz\u00e1mok j\u00e1t\u00e9k\u00e1val) tan\u00edtom be a gyermekeknek. \u00cdgy sz\u00e1mukra a torna nem teher, hanem kalandos j\u00e1t\u00e9kk\u00e9nt \u00e9lhetik meg, \u00e9s ak\u00e1r otthon is folytathatj\u00e1k a gyakorl\u00e1st sz\u00fcl\u0151i seg\u00edts\u00e9ggel!<\/p>\n\n\n\n<h2 class=\"wp-block-heading x-hand has-large-font-size\" id=\"E134\" style=\"font-style:normal;font-weight:400\">Huple\u00ae egyens\u00falyter\u00e1pia<\/h2>\n\n\n\n<figure class=\"wp-block-image size-large is-resized x-float-left x-fix-width\"><img loading=\"lazy\" decoding=\"async\" width=\"1024\" height=\"1024\" src=\"https:\/\/eletteregeszseg.hu\/wp-content\/uploads\/2023\/11\/huple-1024x1024.png\" alt=\"\" class=\"wp-image-448\" style=\"height:150px\" srcset=\"https:\/\/eletteregeszseg.hu\/wp-content\/uploads\/2023\/11\/huple-1024x1024.png 1024w, https:\/\/eletteregeszseg.hu\/wp-content\/uploads\/2023\/11\/huple-300x300.png 300w, https:\/\/eletteregeszseg.hu\/wp-content\/uploads\/2023\/11\/huple-150x150.png 150w, https:\/\/eletteregeszseg.hu\/wp-content\/uploads\/2023\/11\/huple-768x768.png 768w, https:\/\/eletteregeszseg.hu\/wp-content\/uploads\/2023\/11\/huple.png 1042w\" sizes=\"auto, (max-width: 1024px) 100vw, 1024px\" \/><\/figure>\n\n\n\n<p class=\"has-text-align-justify\" id=\"E136\">A Huple\u00ae egy mozg\u00e1s \u2013, \u00e9s koordin\u00e1ci\u00f3fejleszt\u0151, diagnosztikus \u00e9s ter\u00e1pi\u00e1s eszk\u00f6z, mely \u00fajsz\u00fcl\u00f6tt kort\u00f3l iskol\u00e1s korig haszn\u00e1lhat\u00f3.<\/p>\n\n\n\n<p class=\"has-text-align-justify\" id=\"E139\">A f\u00e9lg\u00f6mb v\u00e1ltoz\u00f3 ir\u00e1ny\u00fa ringat\u00e1sa, forgat\u00e1sa, p\u00f6rget\u00e9se folyamatos, v\u00e1ltoz\u00f3 ir\u00e1ny\u00fa \u00e9s intenzit\u00e1s\u00fa ingert ad a gyermek egyens\u00falyi rendszer\u00e9nek!<\/p>\n\n\n\n<p class=\"has-text-align-justify\" id=\"E147\">Az egyens\u00faly fejleszt\u00e9se el\u0151seg\u00edti, hogy k\u00e9s\u0151bb ne legyenek a gyermeknek besz\u00e9dfejl\u0151d\u00e9si probl\u00e9m\u00e1i, \u00edr\u00e1si \u00e9s olvas\u00e1si neh\u00e9zs\u00e9gei.<\/p>\n\n\n\n<p class=\"has-text-align-justify\" id=\"E153\">\u00c9lvezetes j\u00e1t\u00e9k, mely eg\u00e9szs\u00e9ges gyermeknek egyben kit\u0171n\u0151 eszk\u00f6z a t\u00e9rbeli koordin\u00e1ci\u00f3, szem-k\u00e9z koordin\u00e1ci\u00f3 fejleszt\u00e9s\u00e9re.<\/p>\n\n\n\n<p class=\"has-text-align-justify\" id=\"E155\">Probl\u00e9m\u00e1kkal k\u00fczd\u0151 gyermekeknek t\u00f6bb mint j\u00e1t\u00e9k: orvostechnikai, ter\u00e1pi\u00e1s eszk\u00f6z. A helyzet- \u00e9s mozg\u00e1s\u00e9rz\u00e9kel\u00e9s legels\u0151 \u00e9s legfontosabb szerve, a vesztibul\u00e1ris rendszer ingerl\u00e9s\u00e9vel a Huple kiv\u00e1l\u00f3an alkalmazhat\u00f3 mozg\u00e1skoordin\u00e1ci\u00f3- \u00e9s egyens\u00falyfejleszt\u00e9sre, valamint az idegrendszer \u00e9r\u00e9s\u00e9nek t\u00e1mogat\u00e1s\u00e1ra, a korai fejleszt\u00e9s fontos r\u00e9szek\u00e9nt.<\/p>\n\n\n\n<p id=\"E161\">Az \u00c9let-T\u00e9rben van lehet\u0151s\u00e9g Huple b\u00e9rl\u00e9s\u00e9re<\/p>\n\n\n\n<p id=\"E166\"><br><\/p>\n\n\n\n<p class=\"has-text-align-justify\" id=\"E167\">Kedves Sz\u00fcl\u0151! Ha szeretn\u00e9l tenni Gyermeked Eg\u00e9sz-s\u00e9ge \u00e9rdek\u00e9ben, ezekkel a ter\u00e1pi\u00e1s m\u00f3dszerekkel is v\u00e1rlak szeretettel:<\/p>\n\n\n\n<p class=\"has-text-align-center x-hand has-large-font-size\">Zsuzsi<\/p>\n\n\n\n<p>A konzult\u00e1ci\u00f3k \u00e9s kezel\u00e9sek id\u0151tartam\u00e1r\u00f3l \u00e9s \u00e1rair\u00f3l b\u0151vebben <strong><a href=\"https:\/\/eletteregeszseg.hu\/?p=536\" class=\"ek-link\">ide<\/a> <\/strong>kattintva olvashatsz.<\/p>\n","protected":false},"excerpt":{"rendered":"<p>Mozg\u00e1skoordin\u00e1ci\u00f3 fejleszt\u00e9s A mozg\u00e1skoordin\u00e1ci\u00f3 nem m\u00e1s, mint a mozg\u00e1s t\u00e9rben \u00e9s id\u0151ben \u00f6sszehangolt \u00e9s \u00f6sszerendezett kivitelez\u00e9se, v\u00e9grehajt\u00e1sa. A koordin\u00e1lt vagy \u00f6sszerendezett mozg\u00e1s l\u00e9trej\u00f6tt\u00e9hez t\u00f6bb k\u00f6vetelm\u00e9nynek is meg kell val\u00f3sulnia, mint p\u00e9ld\u00e1ul: a vestibul\u00e1ris idegrendszer \u00e9retts\u00e9ge, megfelel\u0151\/norm\u00e1l izomt\u00f3nus, megfelel\u0151 izomer\u0151, ellazults\u00e1g, szem-k\u00e9z koordin\u00e1ci\u00f3 kialakul\u00e1sa, koncentr\u00e1ci\u00f3 k\u00e9pess\u00e9ge\u2026 M\u00e1r eg\u00e9szen kicsi gyerekkorban fontos a mozg\u00e1skoordin\u00e1ci\u00f3 fejleszt\u00e9se, mert abban [&hellip;]<\/p>\n","protected":false},"author":1,"featured_media":92,"parent":0,"menu_order":0,"comment_status":"closed","ping_status":"closed","template":"","meta":{"_editorskit_title_hidden":false,"_editorskit_reading_time":0,"_editorskit_is_block_options_detached":false,"_editorskit_block_options_position":"{}","inline_featured_image":false,"footnotes":""},"class_list":["post-206","page","type-page","status-publish","has-post-thumbnail","hentry"],"_links":{"self":[{"href":"https:\/\/eletteregeszseg.hu\/index.php?rest_route=\/wp\/v2\/pages\/206","targetHints":{"allow":["GET"]}}],"collection":[{"href":"https:\/\/eletteregeszseg.hu\/index.php?rest_route=\/wp\/v2\/pages"}],"about":[{"href":"https:\/\/eletteregeszseg.hu\/index.php?rest_route=\/wp\/v2\/types\/page"}],"author":[{"embeddable":true,"href":"https:\/\/eletteregeszseg.hu\/index.php?rest_route=\/wp\/v2\/users\/1"}],"replies":[{"embeddable":true,"href":"https:\/\/eletteregeszseg.hu\/index.php?rest_route=%2Fwp%2Fv2%2Fcomments&post=206"}],"version-history":[{"count":15,"href":"https:\/\/eletteregeszseg.hu\/index.php?rest_route=\/wp\/v2\/pages\/206\/revisions"}],"predecessor-version":[{"id":617,"href":"https:\/\/eletteregeszseg.hu\/index.php?rest_route=\/wp\/v2\/pages\/206\/revisions\/617"}],"wp:featuredmedia":[{"embeddable":true,"href":"https:\/\/eletteregeszseg.hu\/index.php?rest_route=\/wp\/v2\/media\/92"}],"wp:attachment":[{"href":"https:\/\/eletteregeszseg.hu\/index.php?rest_route=%2Fwp%2Fv2%2Fmedia&parent=206"}],"curies":[{"name":"wp","href":"https:\/\/api.w.org\/{rel}","templated":true}]}}