{"id":166,"date":"2023-10-06T15:41:23","date_gmt":"2023-10-06T15:41:23","guid":{"rendered":"https:\/\/eletteregeszseg.hu\/?page_id=166"},"modified":"2023-11-19T18:41:05","modified_gmt":"2023-11-19T17:41:05","slug":"gyogynoveny-keszitmenyek-ayurvedikus-gyogynoveny-kombinaciok","status":"publish","type":"page","link":"https:\/\/eletteregeszseg.hu\/?page_id=166","title":{"rendered":"Gy\u00f3gyn\u00f6v\u00e9ny k\u00e9sz\u00edtm\u00e9nyek, ayurv\u00e9dikus gy\u00f3gyn\u00f6v\u00e9ny kombin\u00e1ci\u00f3k"},"content":{"rendered":"\n<div class=\"wp-block-columns has-background is-layout-flex wp-container-core-columns-is-layout-9d6595d7 wp-block-columns-is-layout-flex\" style=\"background-color:#f5e6cd\">\n<div class=\"wp-block-column is-layout-flow wp-block-column-is-layout-flow\" style=\"flex-basis:30%\">\n<figure class=\"wp-block-image size-full\"><img loading=\"lazy\" decoding=\"async\" width=\"746\" height=\"947\" src=\"https:\/\/et.mhan.hu\/wp-content\/uploads\/2023\/09\/ayurvedikusegeszsegszimbolum.png\" alt=\"\" class=\"wp-image-64\" style=\"object-fit:cover\" srcset=\"https:\/\/eletteregeszseg.hu\/wp-content\/uploads\/2023\/09\/ayurvedikusegeszsegszimbolum.png 746w, https:\/\/eletteregeszseg.hu\/wp-content\/uploads\/2023\/09\/ayurvedikusegeszsegszimbolum-236x300.png 236w\" sizes=\"auto, (max-width: 746px) 100vw, 746px\" \/><\/figure>\n<\/div>\n\n\n\n<div class=\"wp-block-column is-layout-flow wp-block-column-is-layout-flow\">\n<figure class=\"wp-block-image size-large x-auto\"><img loading=\"lazy\" decoding=\"async\" width=\"1024\" height=\"708\" src=\"https:\/\/eletteregeszseg.hu\/wp-content\/uploads\/2023\/10\/ayurvedapottyosszimbolummal-2-1024x708-1.svg\" alt=\"\" class=\"wp-image-356\"\/><\/figure>\n<\/div>\n<\/div>\n\n\n\n<div class=\"wp-block-group is-content-justification-center is-nowrap is-layout-flex wp-container-core-group-is-layout-94bc23d7 wp-block-group-is-layout-flex\">\n<figure class=\"wp-block-image size-large is-resized\"><img loading=\"lazy\" decoding=\"async\" width=\"1024\" height=\"228\" src=\"https:\/\/eletteregeszseg.hu\/wp-content\/uploads\/2023\/10\/gyogynovenykeszitmenyek-1024x228.png\" alt=\"\" class=\"wp-image-195\" style=\"object-fit:contain;width:undefinedpx;height:100px\" srcset=\"https:\/\/eletteregeszseg.hu\/wp-content\/uploads\/2023\/10\/gyogynovenykeszitmenyek-1024x228.png 1024w, https:\/\/eletteregeszseg.hu\/wp-content\/uploads\/2023\/10\/gyogynovenykeszitmenyek-300x67.png 300w, https:\/\/eletteregeszseg.hu\/wp-content\/uploads\/2023\/10\/gyogynovenykeszitmenyek-768x171.png 768w, https:\/\/eletteregeszseg.hu\/wp-content\/uploads\/2023\/10\/gyogynovenykeszitmenyek-1536x342.png 1536w, https:\/\/eletteregeszseg.hu\/wp-content\/uploads\/2023\/10\/gyogynovenykeszitmenyek-2048x456.png 2048w\" sizes=\"auto, (max-width: 1024px) 100vw, 1024px\" \/><\/figure>\n<\/div>\n\n\n\n<div style=\"height:50px\" aria-hidden=\"true\" class=\"wp-block-spacer\"><\/div>\n\n\n\n<div class=\"wp-block-columns is-layout-flex wp-container-core-columns-is-layout-9d6595d7 wp-block-columns-is-layout-flex\">\n<div class=\"wp-block-column is-layout-flow wp-block-column-is-layout-flow\" style=\"flex-basis:20%\">\n<figure class=\"wp-block-image size-large\"><img loading=\"lazy\" decoding=\"async\" width=\"1024\" height=\"1024\" src=\"https:\/\/eletteregeszseg.hu\/wp-content\/uploads\/2023\/11\/gyogynovenyek-1024x1024.png\" alt=\"\" class=\"wp-image-445\" style=\"object-fit:cover\" srcset=\"https:\/\/eletteregeszseg.hu\/wp-content\/uploads\/2023\/11\/gyogynovenyek-1024x1024.png 1024w, https:\/\/eletteregeszseg.hu\/wp-content\/uploads\/2023\/11\/gyogynovenyek-300x300.png 300w, https:\/\/eletteregeszseg.hu\/wp-content\/uploads\/2023\/11\/gyogynovenyek-150x150.png 150w, https:\/\/eletteregeszseg.hu\/wp-content\/uploads\/2023\/11\/gyogynovenyek-768x767.png 768w, https:\/\/eletteregeszseg.hu\/wp-content\/uploads\/2023\/11\/gyogynovenyek.png 1043w\" sizes=\"auto, (max-width: 1024px) 100vw, 1024px\" \/><\/figure>\n<\/div>\n\n\n\n<div class=\"wp-block-column is-layout-flow wp-block-column-is-layout-flow\">\n<p id=\"E114\">A n\u00f6v\u00e9nyek, gy\u00f3gyn\u00f6v\u00e9nyek kapcsolatban \u00e1llnak a F\u00f6lddel, Leveg\u0151vel, V\u00edzzel, T\u0171zzel, azaz a Nap meleg\u00e9vel \u00e9s az \u00c9terrel, teh\u00e1t mind az \u00f6t elemmel. A F\u00e9nyt \u2013 ami maga a Teremt\u00e9s &#8211; magukba sz\u00edvj\u00e1k \u00e9s \u00c9lett\u00e9 v\u00e1ltoztatj\u00e1k. A n\u00f6v\u00e9nyek \u201efeladata\u201d a fotoszint\u00e9zis, mely \u00e1ltal F\u00e9nyb\u0151l \u00c9let lesz.<\/p>\n\n\n\n<p id=\"E116\">Az ember tudatos t\u00e1pl\u00e1lkoz\u00e1sa sor\u00e1n ezt az \u00c9letet veheti mag\u00e1hoz a n\u00f6v\u00e9nyek, gy\u00f3gyn\u00f6v\u00e9nyek \u00e1ltal, melyek seg\u00edts\u00e9g\u00e9vel a Szer-etet energiaszintj\u00e9t tudja mag\u00e1ban n\u00f6velni. Ezzel nem csak a saj\u00e1t Eg\u00e9sz-s\u00e9g\u00e9\u00e9rt tehet, hanem az egyens\u00falyi \u00e1llapotot meg\u0151rizve, tev\u0151legesen is gazdag\u00edthatja a k\u00f6rnyezet\u00e9ben \u00e9l\u0151 embereket. Amennyiben egyens\u00falyi \u00e1llapot\u00e1b\u00f3l kibillen az ember, azaz betegs\u00e9g l\u00e9p fel, a helyesen megv\u00e1lasztott n\u00f6v\u00e9nyek, gy\u00f3gyn\u00f6v\u00e9nyek energi\u00e1ival, gy\u00f3gy\u00edt\u00f3 hat\u00e1saival vissza\u00e1ll\u00edthat\u00f3 az Eg\u00e9sz-s\u00e9g!<\/p>\n<\/div>\n<\/div>\n\n\n\n<p id=\"E114\"><strong>A gy\u00f3gyn\u00f6v\u00e9nyek \u00e1ltal\u00e1nos hat\u00e1sai:<\/strong><\/p>\n\n\n\n<ul class=\"wp-block-list\">\n<li>az energiaszintet, szerveket, szervrendszereket vitaliz\u00e1lj\u00e1k<\/li>\n\n\n\n<li>az idegrendszert \u00e9l\u00e9nk\u00edtik, vagy nyugtatj\u00e1k, harmoniz\u00e1lj\u00e1k<\/li>\n\n\n\n<li>m\u00e9regtelen\u00edtenek, anyagcser\u00e9t jav\u00edtj\u00e1k, fokozz\u00e1k<\/li>\n\n\n\n<li>er\u0151s\u00edtik a szervezet ellen\u00e1ll\u00f3k\u00e9pess\u00e9g\u00e9t, az immunit\u00e1st<\/li>\n\n\n\n<li>lass\u00edtj\u00e1k az \u00f6reged\u00e9s folyamatait<\/li>\n\n\n\n<li>emelik az \u00c9let-er\u0151t, teremt\u0151 er\u0151t benn\u00fcnk, emelkedik a tudatszint\u00fcnk<\/li>\n\n\n\n<li>h\u00e1rom szinten is hatnak: fizikai, energetikai, \u00e9rzelmi\/lelki s\u00edkon<\/li>\n\n\n\n<li>lassabban fejtik ki hat\u00e1sukat, viszont m\u00e9lyebben hatnak, \u00edgy tart\u00f3sabb eredm\u00e9ny \u00e9rhet\u0151 el<\/li>\n<\/ul>\n\n\n\n<p id=\"E136\">A gy\u00f3gyn\u00f6v\u00e9nyter\u00e1pia egy szel\u00edd gy\u00f3gym\u00f3d. A vegyi anyagok, szintetikus (gy\u00f3gy)szerekkel ellent\u00e9tben nincsenek k\u00e1ros mell\u00e9khat\u00e1sai a gy\u00f3gyn\u00f6v\u00e9nyszereknek! Ha nem a megfelel\u0151 gy\u00f3gyn\u00f6v\u00e9nyt alkalmazzuk, n\u00e9h\u00e1ny napon bel\u00fcl ki\u00fcr\u00fcl a szervezetb\u0151l, an\u00e9lk\u00fcl, hogy megviseln\u00e9 azt. Haszn\u00e1lhatjuk betegs\u00e9gmegel\u0151z\u00e9sre, kr\u00f3nikus betegs\u00e9gek gy\u00f3gy\u00edt\u00e1s\u00e1ra, betegs\u00e9g ut\u00e1ni ut\u00f3kezel\u00e9sre. A gy\u00f3gyn\u00f6v\u00e9nyterm\u00e9keket rendszeresen, k\u00faraszer\u0171en javasolt szedni.<\/p>\n\n\n\n<p id=\"E138\">Mindig k\u00e9rjen tan\u00e1csot szakembert\u0151l (ayurv\u00e9da konzulenst\u0151l, ayurv\u00e9da orvost\u00f3l), ha a megfelel\u0151 szert szeretn\u00e9 megtal\u00e1lni a probl\u00e9m\u00e1j\u00e1ra! Amennyiben rendszeresen szed orvos \u00e1ltal fel\u00edrt gy\u00f3gyszereket, felt\u00e9tlen\u00fcl k\u00e9rje ki kezel\u0151orvosa v\u00e9lem\u00e9ny\u00e9t, miel\u0151tt ayurv\u00e9dikus gy\u00f3gyn\u00f6v\u00e9nyk\u00e9sz\u00edtm\u00e9nyt kezdene el alkalmazni!<\/p>\n\n\n\n<p id=\"E140\">J\u00f3magam &#8211; a klienseim sz\u00e1m\u00e1ra &#8211; az ayurv\u00e9da konzult\u00e1ci\u00f3 ut\u00e1n \u00f6ssze\u00e1ll\u00edtott kezel\u00e9si tervben az ayurv\u00e9dikus gy\u00f3gyn\u00f6v\u00e9nyek, gy\u00f3gyn\u00f6v\u00e9nykombin\u00e1ci\u00f3k alkalmaz\u00e1s\u00e1t az alkatnak (dosha), Agninak (em\u00e9szt\u0151 t\u0171z), \u00e9s energetikai szintnek megfelel\u0151en szem\u00e9lyre szabottan javaslom. Az ayurv\u00e9dikus ter\u00e1pi\u00e1k sor\u00e1n is ezeket a szereket alkalmazom. J\u00f3 sz\u00edvvel aj\u00e1nlom a Garuda Ayurv\u00e9da\u00ae \u00e1ltal forgalmazott term\u00e9keket (<a href=\"https:\/\/garuda.hu\/\" target=\"_blank\" aria-label=\"garuda.hu (opens in a new tab)\" rel=\"noreferrer noopener\" class=\"ek-link\">garuda.hu<\/a>).<\/p>\n\n\n\n<p id=\"E142\"><br><\/p>\n\n\n\n<p id=\"E144\">Szem\u00e9lyre szabott, alkat-, \u00e9s probl\u00e9maspecifikus gy\u00f3gyn\u00f6v\u00e9nyszer javaslatok\u00e9rt keress bizalommal az \u00c9let-t\u00e9rben.<\/p>\n\n\n\n<p id=\"E148\">V\u00e1rlak szeretettel:<\/p>\n\n\n\n<p class=\"has-text-align-center x-hand has-large-font-size\" id=\"E148\">Zsuzsi<\/p>\n\n\n\n<p>A konzult\u00e1ci\u00f3k \u00e9s kezel\u00e9sek id\u0151tartam\u00e1r\u00f3l \u00e9s \u00e1rair\u00f3l b\u0151vebben <strong><a href=\"https:\/\/eletteregeszseg.hu\/?p=536\" class=\"ek-link\">ide<\/a> <\/strong>kattintva olvashatsz.<\/p>\n","protected":false},"excerpt":{"rendered":"<p>A n\u00f6v\u00e9nyek, gy\u00f3gyn\u00f6v\u00e9nyek kapcsolatban \u00e1llnak a F\u00f6lddel, Leveg\u0151vel, V\u00edzzel, T\u0171zzel, azaz a Nap meleg\u00e9vel \u00e9s az \u00c9terrel, teh\u00e1t mind az \u00f6t elemmel. A F\u00e9nyt \u2013 ami maga a Teremt\u00e9s &#8211; magukba sz\u00edvj\u00e1k \u00e9s \u00c9lett\u00e9 v\u00e1ltoztatj\u00e1k. A n\u00f6v\u00e9nyek \u201efeladata\u201d a fotoszint\u00e9zis, mely \u00e1ltal F\u00e9nyb\u0151l \u00c9let lesz. Az ember tudatos t\u00e1pl\u00e1lkoz\u00e1sa sor\u00e1n ezt az \u00c9letet veheti mag\u00e1hoz [&hellip;]<\/p>\n","protected":false},"author":1,"featured_media":91,"parent":6,"menu_order":0,"comment_status":"closed","ping_status":"closed","template":"","meta":{"_editorskit_title_hidden":false,"_editorskit_reading_time":0,"_editorskit_is_block_options_detached":false,"_editorskit_block_options_position":"{}","inline_featured_image":false,"footnotes":""},"class_list":["post-166","page","type-page","status-publish","has-post-thumbnail","hentry"],"_links":{"self":[{"href":"https:\/\/eletteregeszseg.hu\/index.php?rest_route=\/wp\/v2\/pages\/166","targetHints":{"allow":["GET"]}}],"collection":[{"href":"https:\/\/eletteregeszseg.hu\/index.php?rest_route=\/wp\/v2\/pages"}],"about":[{"href":"https:\/\/eletteregeszseg.hu\/index.php?rest_route=\/wp\/v2\/types\/page"}],"author":[{"embeddable":true,"href":"https:\/\/eletteregeszseg.hu\/index.php?rest_route=\/wp\/v2\/users\/1"}],"replies":[{"embeddable":true,"href":"https:\/\/eletteregeszseg.hu\/index.php?rest_route=%2Fwp%2Fv2%2Fcomments&post=166"}],"version-history":[{"count":10,"href":"https:\/\/eletteregeszseg.hu\/index.php?rest_route=\/wp\/v2\/pages\/166\/revisions"}],"predecessor-version":[{"id":609,"href":"https:\/\/eletteregeszseg.hu\/index.php?rest_route=\/wp\/v2\/pages\/166\/revisions\/609"}],"up":[{"embeddable":true,"href":"https:\/\/eletteregeszseg.hu\/index.php?rest_route=\/wp\/v2\/pages\/6"}],"wp:featuredmedia":[{"embeddable":true,"href":"https:\/\/eletteregeszseg.hu\/index.php?rest_route=\/wp\/v2\/media\/91"}],"wp:attachment":[{"href":"https:\/\/eletteregeszseg.hu\/index.php?rest_route=%2Fwp%2Fv2%2Fmedia&parent=166"}],"curies":[{"name":"wp","href":"https:\/\/api.w.org\/{rel}","templated":true}]}}