{"id":165,"date":"2023-10-06T15:41:23","date_gmt":"2023-10-06T15:41:23","guid":{"rendered":"https:\/\/eletteregeszseg.hu\/?page_id=165"},"modified":"2023-11-19T18:41:35","modified_gmt":"2023-11-19T17:41:35","slug":"marma-terapia","status":"publish","type":"page","link":"https:\/\/eletteregeszseg.hu\/?page_id=165","title":{"rendered":"Marma ter\u00e1pia"},"content":{"rendered":"\n<div class=\"wp-block-columns has-background is-layout-flex wp-container-core-columns-is-layout-9d6595d7 wp-block-columns-is-layout-flex\" style=\"background-color:#f5e6cd\">\n<div class=\"wp-block-column is-layout-flow wp-block-column-is-layout-flow\" style=\"flex-basis:30%\">\n<figure class=\"wp-block-image size-full\"><img loading=\"lazy\" decoding=\"async\" width=\"746\" height=\"947\" src=\"https:\/\/et.mhan.hu\/wp-content\/uploads\/2023\/09\/ayurvedikusegeszsegszimbolum.png\" alt=\"\" class=\"wp-image-64\" style=\"object-fit:cover\" srcset=\"https:\/\/eletteregeszseg.hu\/wp-content\/uploads\/2023\/09\/ayurvedikusegeszsegszimbolum.png 746w, https:\/\/eletteregeszseg.hu\/wp-content\/uploads\/2023\/09\/ayurvedikusegeszsegszimbolum-236x300.png 236w\" sizes=\"auto, (max-width: 746px) 100vw, 746px\" \/><\/figure>\n<\/div>\n\n\n\n<div class=\"wp-block-column is-layout-flow wp-block-column-is-layout-flow\">\n<figure class=\"wp-block-image size-large x-auto\"><img loading=\"lazy\" decoding=\"async\" width=\"1024\" height=\"708\" src=\"https:\/\/eletteregeszseg.hu\/wp-content\/uploads\/2023\/10\/ayurvedapottyosszimbolummal-2-1024x708-1.svg\" alt=\"\" class=\"wp-image-356\"\/><\/figure>\n<\/div>\n<\/div>\n\n\n\n<div class=\"wp-block-group is-content-justification-center is-nowrap is-layout-flex wp-container-core-group-is-layout-94bc23d7 wp-block-group-is-layout-flex\">\n<figure class=\"wp-block-image size-full is-resized\"><img loading=\"lazy\" decoding=\"async\" width=\"1009\" height=\"293\" src=\"https:\/\/eletteregeszseg.hu\/wp-content\/uploads\/2023\/10\/marmaterapia.png\" alt=\"\" class=\"wp-image-192\" style=\"object-fit:contain;width:undefinedpx;height:100px\" srcset=\"https:\/\/eletteregeszseg.hu\/wp-content\/uploads\/2023\/10\/marmaterapia.png 1009w, https:\/\/eletteregeszseg.hu\/wp-content\/uploads\/2023\/10\/marmaterapia-300x87.png 300w, https:\/\/eletteregeszseg.hu\/wp-content\/uploads\/2023\/10\/marmaterapia-768x223.png 768w\" sizes=\"auto, (max-width: 1009px) 100vw, 1009px\" \/><\/figure>\n<\/div>\n\n\n\n<div style=\"height:50px\" aria-hidden=\"true\" class=\"wp-block-spacer\"><\/div>\n\n\n\n<div class=\"wp-block-columns is-layout-flex wp-container-core-columns-is-layout-9d6595d7 wp-block-columns-is-layout-flex\">\n<div class=\"wp-block-column is-layout-flow wp-block-column-is-layout-flow\" style=\"flex-basis:20%\">\n<figure class=\"wp-block-image size-large\"><img loading=\"lazy\" decoding=\"async\" width=\"1024\" height=\"1024\" src=\"https:\/\/eletteregeszseg.hu\/wp-content\/uploads\/2023\/10\/marmaterapia-1-1024x1024.png\" alt=\"\" class=\"wp-image-300\" style=\"object-fit:cover\" srcset=\"https:\/\/eletteregeszseg.hu\/wp-content\/uploads\/2023\/10\/marmaterapia-1-1024x1024.png 1024w, https:\/\/eletteregeszseg.hu\/wp-content\/uploads\/2023\/10\/marmaterapia-1-300x300.png 300w, https:\/\/eletteregeszseg.hu\/wp-content\/uploads\/2023\/10\/marmaterapia-1-150x150.png 150w, https:\/\/eletteregeszseg.hu\/wp-content\/uploads\/2023\/10\/marmaterapia-1-768x767.png 768w, https:\/\/eletteregeszseg.hu\/wp-content\/uploads\/2023\/10\/marmaterapia-1.png 1043w\" sizes=\"auto, (max-width: 1024px) 100vw, 1024px\" \/><\/figure>\n<\/div>\n\n\n\n<div class=\"wp-block-column is-layout-flow wp-block-column-is-layout-flow\">\n<p id=\"E90\">A Marmapressz\u00fara egy 3000 \u00e9ves gy\u00f3gy\u00edt\u00f3 technika az Ayurv\u00e9da holisztikus rendszer\u00e9n bel\u00fcl.<\/p>\n\n\n\n<p id=\"E100\">A Marma a szanszkrit \u201emru\u201d sz\u00f3b\u00f3l sz\u00e1rmazik. Jelent\u00e9se: \u00e9rz\u00e9keny, s\u00e9r\u00fcl\u00e9keny, titkos pont, l\u00e9tfontoss\u00e1g\u00fa energiapont, ahol a Pr\u00e1na (\u00e9leter\u0151) t\u00e1rol\u00f3dik.<\/p>\n\n\n\n<p id=\"E121\">A fizikai \u00e9s \u00e9teri csatorn\u00e1k keresztez\u0151d\u00e9si pontjait Marma pontoknak nevezz\u00fck, melyekb\u0151l 108-at tart sz\u00e1mon az Ayurv\u00e9da tudom\u00e1nya. A Marm\u00e1k olyan energiakapuk, energiaszelepek, amelyek nyit\u00f3dva er\u0151s\u00edtik, z\u00e1r\u00f3dva gyeng\u00edtik az \u00e9leter\u0151 \u00e1raml\u00e1s\u00e1t az egyes testr\u00e9szek fel\u00e9. Testi-, lelki- \u00e9s ment\u00e1lis m\u00e9rgek felhalmoz\u00f3d\u00e1sa tudja l\u00e9trehozni a Marma pontok blokkol\u00f3d\u00e1s\u00e1t.<\/p>\n<\/div>\n<\/div>\n\n\n\n<p id=\"E90\">Marmapressz\u00fara (marma massz\u00e1zs) sor\u00e1n ezeket a torlaszokat, blokkokat c\u00e9lir\u00e1nyos massz\u00e1zzsal, a pontokra gyakorolt nyom\u00e1ssal oldjuk. Ennek hat\u00e1s\u00e1ra a ter\u00fclet felszabadul, megindul a csatorn\u00e1kban az energia, \u00e9leter\u0151 befogad\u00e1sa, \u00e1ramoltat\u00e1sa a test k\u00fcl\u00f6nb\u00f6z\u0151 ter\u00fcletei fel\u00e9.<\/p>\n\n\n\n<p class=\"has-medium-font-size\" id=\"E156\"><strong>Marma ter\u00e1pia hat\u00e1sai:<\/strong><\/p>\n\n\n\n<p id=\"E161\"><strong>Fizikai szinten:<\/strong><\/p>\n\n\n\n<ul class=\"wp-block-list\">\n<li>m\u00e9regtelen\u00edt<\/li>\n\n\n\n<li>f\u00e1jdalmat csillap\u00edt<\/li>\n\n\n\n<li>seg\u00edti a sejtregener\u00e1ci\u00f3t<\/li>\n\n\n\n<li>n\u00f6veli az immunit\u00e1st<\/li>\n\n\n\n<li>n\u00f6veli a test rugalmass\u00e1g\u00e1t<\/li>\n\n\n\n<li>aktiv\u00e1lja a v\u00e9rkering\u00e9st, anyagcser\u00e9t<\/li>\n<\/ul>\n\n\n\n<p><strong>Energetikai szinten:<\/strong><\/p>\n\n\n\n<ul class=\"wp-block-list\">\n<li>elt\u00e1vol\u00edtja az energia blokkokat<\/li>\n\n\n\n<li>fokozza az energia\u00e1raml\u00e1st<\/li>\n\n\n\n<li>enyh\u00edti a f\u00e1radts\u00e1got<\/li>\n\n\n\n<li>energi\u00e1val t\u00f6lt fel<\/li>\n\n\n\n<li>seg\u00edt helyre\u00e1ll\u00edtani a dosh\u00e1k (biol\u00f3giai alkat) egyens\u00faly\u00e1t<\/li>\n<\/ul>\n\n\n\n<p><strong>Lelki szinten:<\/strong><\/p>\n\n\n\n<ul class=\"wp-block-list\">\n<li>ellaz\u00edt, seg\u00edt a negat\u00edv \u00e9rzelmek, f\u00e9lelmek, szorong\u00e1sok elenged\u00e9s\u00e9ben<\/li>\n\n\n\n<li>\u00e9rzelmi m\u00e9regtelen\u00edt\u00e9s<\/li>\n<\/ul>\n\n\n\n<p><strong>Szellemi szinten:<\/strong><\/p>\n\n\n\n<ul class=\"wp-block-list\">\n<li>lecsendes\u00edti az elm\u00e9t<\/li>\n\n\n\n<li>ment\u00e1lis m\u00e9regtelen\u00edt\u00e9s<\/li>\n\n\n\n<li>megk\u00f6nny\u00edti a koncentr\u00e1ci\u00f3t, intu\u00edci\u00f3t, tudatoss\u00e1got<\/li>\n<\/ul>\n\n\n\n<p id=\"E215\">Alkalmaz\u00e1sa sor\u00e1n nem kell tartani mell\u00e9khat\u00e1sokt\u00f3l!<\/p>\n\n\n\n<p id=\"E217\">A hossz\u00fat\u00e1v\u00fa javul\u00e1s, gy\u00f3gyul\u00e1s el\u00e9r\u00e9se \u00e9rdek\u00e9ben javasolt a kezel\u00e9seket t\u00f6bb h\u00e9ten \u00e1t (minimum 5 alkalom) elv\u00e9gezni.<\/p>\n\n\n\n<p id=\"E221\">Amennyiben gy\u00f3gyulni szeretn\u00e9l b\u00e1rmely szinten ez\u00e1ltal a kezel\u00e9s \u00e1ltal, szeretettel v\u00e1rlak:<\/p>\n\n\n\n<p class=\"has-text-align-center x-hand has-large-font-size\" id=\"E227\">Zsuzsi<\/p>\n\n\n\n<p>A konzult\u00e1ci\u00f3k \u00e9s kezel\u00e9sek id\u0151tartam\u00e1r\u00f3l \u00e9s \u00e1rair\u00f3l b\u0151vebben <strong><a href=\"https:\/\/eletteregeszseg.hu\/?p=536\" class=\"ek-link\">ide<\/a> <\/strong>kattintva olvashatsz.<\/p>\n","protected":false},"excerpt":{"rendered":"<p>A Marmapressz\u00fara egy 3000 \u00e9ves gy\u00f3gy\u00edt\u00f3 technika az Ayurv\u00e9da holisztikus rendszer\u00e9n bel\u00fcl. A Marma a szanszkrit \u201emru\u201d sz\u00f3b\u00f3l sz\u00e1rmazik. Jelent\u00e9se: \u00e9rz\u00e9keny, s\u00e9r\u00fcl\u00e9keny, titkos pont, l\u00e9tfontoss\u00e1g\u00fa energiapont, ahol a Pr\u00e1na (\u00e9leter\u0151) t\u00e1rol\u00f3dik. A fizikai \u00e9s \u00e9teri csatorn\u00e1k keresztez\u0151d\u00e9si pontjait Marma pontoknak nevezz\u00fck, melyekb\u0151l 108-at tart sz\u00e1mon az Ayurv\u00e9da tudom\u00e1nya. A Marm\u00e1k olyan energiakapuk, energiaszelepek, amelyek nyit\u00f3dva [&hellip;]<\/p>\n","protected":false},"author":1,"featured_media":91,"parent":6,"menu_order":0,"comment_status":"closed","ping_status":"closed","template":"","meta":{"_editorskit_title_hidden":false,"_editorskit_reading_time":0,"_editorskit_is_block_options_detached":false,"_editorskit_block_options_position":"{}","inline_featured_image":false,"footnotes":""},"class_list":["post-165","page","type-page","status-publish","has-post-thumbnail","hentry"],"_links":{"self":[{"href":"https:\/\/eletteregeszseg.hu\/index.php?rest_route=\/wp\/v2\/pages\/165","targetHints":{"allow":["GET"]}}],"collection":[{"href":"https:\/\/eletteregeszseg.hu\/index.php?rest_route=\/wp\/v2\/pages"}],"about":[{"href":"https:\/\/eletteregeszseg.hu\/index.php?rest_route=\/wp\/v2\/types\/page"}],"author":[{"embeddable":true,"href":"https:\/\/eletteregeszseg.hu\/index.php?rest_route=\/wp\/v2\/users\/1"}],"replies":[{"embeddable":true,"href":"https:\/\/eletteregeszseg.hu\/index.php?rest_route=%2Fwp%2Fv2%2Fcomments&post=165"}],"version-history":[{"count":9,"href":"https:\/\/eletteregeszseg.hu\/index.php?rest_route=\/wp\/v2\/pages\/165\/revisions"}],"predecessor-version":[{"id":610,"href":"https:\/\/eletteregeszseg.hu\/index.php?rest_route=\/wp\/v2\/pages\/165\/revisions\/610"}],"up":[{"embeddable":true,"href":"https:\/\/eletteregeszseg.hu\/index.php?rest_route=\/wp\/v2\/pages\/6"}],"wp:featuredmedia":[{"embeddable":true,"href":"https:\/\/eletteregeszseg.hu\/index.php?rest_route=\/wp\/v2\/media\/91"}],"wp:attachment":[{"href":"https:\/\/eletteregeszseg.hu\/index.php?rest_route=%2Fwp%2Fv2%2Fmedia&parent=165"}],"curies":[{"name":"wp","href":"https:\/\/api.w.org\/{rel}","templated":true}]}}