{"id":163,"date":"2023-10-06T15:41:23","date_gmt":"2023-10-06T15:41:23","guid":{"rendered":"https:\/\/eletteregeszseg.hu\/?page_id=163"},"modified":"2023-11-19T17:27:28","modified_gmt":"2023-11-19T16:27:28","slug":"abhyanga-masszazs-kezeles","status":"publish","type":"page","link":"https:\/\/eletteregeszseg.hu\/?page_id=163","title":{"rendered":"Abhyanga massz\u00e1zs kezel\u00e9s"},"content":{"rendered":"\n<div class=\"wp-block-columns has-background is-layout-flex wp-container-core-columns-is-layout-9d6595d7 wp-block-columns-is-layout-flex\" style=\"background-color:#f5e6cd\">\n<div class=\"wp-block-column is-layout-flow wp-block-column-is-layout-flow\" style=\"flex-basis:30%\">\n<figure class=\"wp-block-image size-full\"><img loading=\"lazy\" decoding=\"async\" width=\"746\" height=\"947\" src=\"https:\/\/et.mhan.hu\/wp-content\/uploads\/2023\/09\/ayurvedikusegeszsegszimbolum.png\" alt=\"\" class=\"wp-image-64\" style=\"object-fit:cover\" srcset=\"https:\/\/eletteregeszseg.hu\/wp-content\/uploads\/2023\/09\/ayurvedikusegeszsegszimbolum.png 746w, https:\/\/eletteregeszseg.hu\/wp-content\/uploads\/2023\/09\/ayurvedikusegeszsegszimbolum-236x300.png 236w\" sizes=\"auto, (max-width: 746px) 100vw, 746px\" \/><\/figure>\n<\/div>\n\n\n\n<div class=\"wp-block-column is-layout-flow wp-block-column-is-layout-flow\">\n<figure class=\"wp-block-image size-large x-auto\"><img loading=\"lazy\" decoding=\"async\" width=\"1024\" height=\"708\" src=\"https:\/\/eletteregeszseg.hu\/wp-content\/uploads\/2023\/10\/ayurvedapottyosszimbolummal-2-1024x708-1.svg\" alt=\"\" class=\"wp-image-356\"\/><\/figure>\n<\/div>\n<\/div>\n\n\n\n<div class=\"wp-block-group is-content-justification-center is-nowrap is-layout-flex wp-container-core-group-is-layout-94bc23d7 wp-block-group-is-layout-flex\">\n<figure class=\"wp-block-image size-large is-resized\"><img loading=\"lazy\" decoding=\"async\" width=\"1024\" height=\"172\" src=\"https:\/\/eletteregeszseg.hu\/wp-content\/uploads\/2023\/10\/abhyangaalcim-1024x172.png\" alt=\"\" class=\"wp-image-182\" style=\"object-fit:contain;width:undefinedpx;height:100px\" srcset=\"https:\/\/eletteregeszseg.hu\/wp-content\/uploads\/2023\/10\/abhyangaalcim-1024x172.png 1024w, https:\/\/eletteregeszseg.hu\/wp-content\/uploads\/2023\/10\/abhyangaalcim-300x51.png 300w, https:\/\/eletteregeszseg.hu\/wp-content\/uploads\/2023\/10\/abhyangaalcim-768x129.png 768w, https:\/\/eletteregeszseg.hu\/wp-content\/uploads\/2023\/10\/abhyangaalcim-1536x259.png 1536w, https:\/\/eletteregeszseg.hu\/wp-content\/uploads\/2023\/10\/abhyangaalcim.png 1740w\" sizes=\"auto, (max-width: 1024px) 100vw, 1024px\" \/><\/figure>\n<\/div>\n\n\n\n<div style=\"height:50px\" aria-hidden=\"true\" class=\"wp-block-spacer\"><\/div>\n\n\n\n<div class=\"wp-block-columns is-layout-flex wp-container-core-columns-is-layout-9d6595d7 wp-block-columns-is-layout-flex\">\n<div class=\"wp-block-column is-layout-flow wp-block-column-is-layout-flow\" style=\"flex-basis:20%\">\n<figure class=\"wp-block-image size-large\"><img loading=\"lazy\" decoding=\"async\" width=\"1024\" height=\"1024\" src=\"https:\/\/eletteregeszseg.hu\/wp-content\/uploads\/2023\/10\/abhyanga-1024x1024.png\" alt=\"\" class=\"wp-image-294\" style=\"object-fit:cover\" srcset=\"https:\/\/eletteregeszseg.hu\/wp-content\/uploads\/2023\/10\/abhyanga-1024x1024.png 1024w, https:\/\/eletteregeszseg.hu\/wp-content\/uploads\/2023\/10\/abhyanga-300x300.png 300w, https:\/\/eletteregeszseg.hu\/wp-content\/uploads\/2023\/10\/abhyanga-150x150.png 150w, https:\/\/eletteregeszseg.hu\/wp-content\/uploads\/2023\/10\/abhyanga-768x767.png 768w, https:\/\/eletteregeszseg.hu\/wp-content\/uploads\/2023\/10\/abhyanga.png 1043w\" sizes=\"auto, (max-width: 1024px) 100vw, 1024px\" \/><\/figure>\n<\/div>\n\n\n\n<div class=\"wp-block-column is-layout-flow wp-block-column-is-layout-flow\">\n<p id=\"E110\">Az ayurv\u00e9dikus gy\u00f3gykezel\u00e9sek legfontosabb alappill\u00e9re, a massz\u00e1zsok \u201ekir\u00e1lyn\u0151je\u201d.<\/p>\n\n\n\n<p id=\"E112\">Szanszkrit nyelven az eg\u00e9sz testre kiterjed\u0151, olajos massz\u00e1zst jelent. A k\u00fcl\u00f6nb\u00f6z\u0151 alkatoknak (dosh\u00e1knak), illetve az eredeti alkatt\u00f3l val\u00f3 eltol\u00f3d\u00e1snak (dosha kibillen\u00e9s) megfelel\u0151en k\u00fcl\u00f6nb\u00f6z\u0151 olajokat haszn\u00e1lunk. Kit\u0171n\u0151en alkalmazhat\u00f3 eg\u00e9szs\u00e9gmeg\u0151rz\u00e9sre prevenci\u00f3s c\u00e9llal, ugyanakkor k\u00fcl\u00f6nb\u00f6z\u0151 betegs\u00e9gekben, az eg\u00e9szs\u00e9g egyens\u00falyi \u00e1llapot\u00e1b\u00f3l val\u00f3 kibillen\u00e9s eset\u00e9n tiszt\u00edt\u00f3, gy\u00f3gy\u00edt\u00f3, egyens\u00faly helyre\u00e1ll\u00edt\u00f3 elj\u00e1r\u00e1sk\u00e9nt is. Nemcsak a fizikai test szintj\u00e9n hat, hanem a l\u00e9lek \u00e9s a szellem EGY-s\u00e9g\u00e9t, egyens\u00faly\u00e1t is seg\u00edt helyre\u00e1ll\u00edtani!<\/p>\n<\/div>\n<\/div>\n\n\n\n<p id=\"E110\"><\/p>\n\n\n\n<p id=\"E114\"><strong>Az Abhyanga \u00e9lettani hat\u00e1sai:<\/strong><\/p>\n\n\n\n<ul class=\"wp-block-list\">\n<li>javul a sz\u00f6vetek v\u00e9rell\u00e1t\u00e1sa, nyirokkering\u00e9se<\/li>\n\n\n\n<li>a k\u00e1ros anyagcsereterm\u00e9kek (salak, ama) ki\u00fcr\u00fcl\u00e9se felgyorsul<\/li>\n\n\n\n<li>lazul az izomt\u00f3nus<\/li>\n\n\n\n<li>cs\u00f6kken a stressz, megnyugszik az idegrendszer<\/li>\n\n\n\n<li>javulnak az immunfunkci\u00f3k<\/li>\n\n\n\n<li>a f\u00e1jdalom cs\u00f6kken<\/li>\n\n\n\n<li>sz\u00f6veti hormonok szabadulnak fel<\/li>\n\n\n\n<li>cs\u00f6kken a sz\u00f6veti degener\u00e1ci\u00f3<\/li>\n\n\n\n<li>meditat\u00edv \u00e1llapotban \u00f6sszhangba ker\u00fclnek a testi-lelki-szellemi funkci\u00f3k, folyamatok<\/li>\n<\/ul>\n\n\n\n<p><strong>A kezel\u00e9s kontraindik\u00e1ci\u00f3i:<\/strong><\/p>\n\n\n\n<ul class=\"wp-block-list\">\n<li>nem alkalmazhat\u00f3 heveny gyullad\u00e1sokban<\/li>\n\n\n\n<li>t\u00f6r\u00e9s, ny\u00edlt seb eset\u00e9n<\/li>\n\n\n\n<li>s\u00falyos idegfesz\u00fclts\u00e9gben, pszich\u00e9s \u00e1llapotokban<\/li>\n\n\n\n<li>l\u00e1z eset\u00e9n<\/li>\n\n\n\n<li>fert\u0151z\u0151 betegs\u00e9gekben<\/li>\n\n\n\n<li>s\u00falyos sz\u00edvbetegs\u00e9g eset\u00e9n<\/li>\n\n\n\n<li>menstru\u00e1ci\u00f3 els\u0151 napj\u00e1n<\/li>\n\n\n\n<li>vesz\u00e9lyeztetett terhess\u00e9g fenn\u00e1ll\u00e1sakor.<\/li>\n<\/ul>\n\n\n\n<p><strong>A massz\u00e1zs kezel\u00e9s el\u0151felt\u00e9telei:<\/strong><\/p>\n\n\n\n<ul class=\"wp-block-list\">\n<li>alkatmeghat\u00e1roz\u00e1s (javasolt egy egy\u00e9ni konzult\u00e1ci\u00f3, \u00e1llapotfelm\u00e9r\u00e9s!)<\/li>\n\n\n\n<li>betegs\u00e9g, panasz eset\u00e9n sz\u00fcks\u00e9ges az alapos kivizsg\u00e1l\u00e1s<\/li>\n\n\n\n<li>kezel\u00e9s el\u0151tt nem szabad \u00e9tkezni<\/li>\n\n\n\n<li>kezel\u00e9s el\u0151tt nem szabad gy\u00f3gyszert bevenni, alkoholt fogyasztani<\/li>\n\n\n\n<li>kezel\u00e9s el\u0151tt nem javasolt neh\u00e9z fizikai munk\u00e1t v\u00e9gezni<\/li>\n\n\n\n<li>r\u00f6ntgen kezel\u00e9s ut\u00e1n 3 h\u00e9t teljen el a kezel\u00e9sig<\/li>\n\n\n\n<li>m\u0171t\u00e9t ut\u00e1n 4-6 h\u00e9t teljen el a kezel\u00e9sig<\/li>\n\n\n\n<li>massz\u00e1zs kezel\u00e9s el\u0151tt javasolt a b\u0151rt megtiszt\u00edtani (tusol\u00e1s), \u00e9s az \u00fcr\u00edt\u00e9st (sz\u00e9klet, vizelet) elv\u00e9gezni.<\/li>\n<\/ul>\n\n\n\n<p>Ritk\u00e1n el\u0151fordul\u00f3 k\u00e9s\u0151i reakci\u00f3k a kezel\u00e9s ut\u00e1n, melyek legink\u00e1bb a m\u00e9reganyagok er\u0151teljes ki\u00fcr\u00fcl\u00e9s\u00e9vel \u00e9s az anyagcsere fokoz\u00f3d\u00e1s\u00e1val f\u00fcggnek \u00f6ssze, teh\u00e1t NEM sz\u00e1m\u00edtanak k\u00f3rosnak!:<\/p>\n\n\n\n<ul class=\"wp-block-list\">\n<li>megv\u00e1ltozhat a vizelet sz\u00edne, szaga, mennyis\u00e9ge<\/li>\n\n\n\n<li>megv\u00e1ltozhat a sz\u00e9klet sz\u00edne, szaga, mennyis\u00e9ge<\/li>\n\n\n\n<li>orrv\u00e1lad\u00e9k \u00e1tmenetileg t\u00f6bb lehet<\/li>\n\n\n\n<li>fokozott izzad\u00e1s jelentkezhet<\/li>\n\n\n\n<li>\u00e9melyg\u00e9s, h\u00e1ny\u00e1s, pattan\u00e1sok megjelenhetnek<\/li>\n\n\n\n<li>olykor \u00e1tmenetileg feler\u0151s\u00f6dhetnek a panaszok, f\u00e1jdalmak (a csatorn\u00e1kban, sz\u00f6vetekben<\/li>\n\n\n\n<li>val\u00f3 \u00e1raml\u00e1s beind\u00edt\u00e1s\u00e1val a gy\u00f3gy\u00edt\u00f3 er\u0151k beindulnak), DE a tisztul\u00e1s megindul\u00e1s\u00e1val ezek a panaszok enyh\u00fclnek<\/li>\n\n\n\n<li>f\u00e1radts\u00e1g \u00e9rz\u00e9s, esetleg izoml\u00e1z \u00e9rz\u00e9s jelentkezhet.<\/li>\n<\/ul>\n\n\n\n<p id=\"E190\">A massz\u00e1zs kezel\u00e9s hat\u00e1sai miatt, a tisztul\u00e1s, regener\u00e1ci\u00f3 seg\u00edt\u00e9se \u00e9rdek\u00e9ben a kezel\u00e9s ut\u00e1n javasolt a pihen\u00e9s, sok folyad\u00e9k fogyaszt\u00e1sa!<\/p>\n\n\n\n<p id=\"E192\">Ha szeretn\u00e9d megtapasztalni az Abhyanga kezel\u00e9s \u00e1ld\u00e1sos hat\u00e1sait, akkor gyere el az \u00c9let-T\u00e9rbe, keress bizalommal!<\/p>\n\n\n\n<p id=\"E194\">Szeretettel v\u00e1rlak:<\/p>\n\n\n\n<p class=\"has-text-align-center x-hand has-large-font-size\" id=\"E196\">Zsuzsi<\/p>\n\n\n\n<p>A konzult\u00e1ci\u00f3k \u00e9s kezel\u00e9sek id\u0151tartam\u00e1r\u00f3l \u00e9s \u00e1rair\u00f3l b\u0151vebben <strong><a href=\"https:\/\/eletteregeszseg.hu\/?p=536\" class=\"ek-link\">ide<\/a> <\/strong>kattintva olvashatsz.<\/p>\n","protected":false},"excerpt":{"rendered":"<p>Az ayurv\u00e9dikus gy\u00f3gykezel\u00e9sek legfontosabb alappill\u00e9re, a massz\u00e1zsok \u201ekir\u00e1lyn\u0151je\u201d. Szanszkrit nyelven az eg\u00e9sz testre kiterjed\u0151, olajos massz\u00e1zst jelent. A k\u00fcl\u00f6nb\u00f6z\u0151 alkatoknak (dosh\u00e1knak), illetve az eredeti alkatt\u00f3l val\u00f3 eltol\u00f3d\u00e1snak (dosha kibillen\u00e9s) megfelel\u0151en k\u00fcl\u00f6nb\u00f6z\u0151 olajokat haszn\u00e1lunk. Kit\u0171n\u0151en alkalmazhat\u00f3 eg\u00e9szs\u00e9gmeg\u0151rz\u00e9sre prevenci\u00f3s c\u00e9llal, ugyanakkor k\u00fcl\u00f6nb\u00f6z\u0151 betegs\u00e9gekben, az eg\u00e9szs\u00e9g egyens\u00falyi \u00e1llapot\u00e1b\u00f3l val\u00f3 kibillen\u00e9s eset\u00e9n tiszt\u00edt\u00f3, gy\u00f3gy\u00edt\u00f3, egyens\u00faly helyre\u00e1ll\u00edt\u00f3 elj\u00e1r\u00e1sk\u00e9nt is. Nemcsak [&hellip;]<\/p>\n","protected":false},"author":1,"featured_media":91,"parent":6,"menu_order":0,"comment_status":"closed","ping_status":"closed","template":"","meta":{"_editorskit_title_hidden":false,"_editorskit_reading_time":0,"_editorskit_is_block_options_detached":false,"_editorskit_block_options_position":"{}","inline_featured_image":false,"footnotes":""},"class_list":["post-163","page","type-page","status-publish","has-post-thumbnail","hentry"],"_links":{"self":[{"href":"https:\/\/eletteregeszseg.hu\/index.php?rest_route=\/wp\/v2\/pages\/163","targetHints":{"allow":["GET"]}}],"collection":[{"href":"https:\/\/eletteregeszseg.hu\/index.php?rest_route=\/wp\/v2\/pages"}],"about":[{"href":"https:\/\/eletteregeszseg.hu\/index.php?rest_route=\/wp\/v2\/types\/page"}],"author":[{"embeddable":true,"href":"https:\/\/eletteregeszseg.hu\/index.php?rest_route=\/wp\/v2\/users\/1"}],"replies":[{"embeddable":true,"href":"https:\/\/eletteregeszseg.hu\/index.php?rest_route=%2Fwp%2Fv2%2Fcomments&post=163"}],"version-history":[{"count":13,"href":"https:\/\/eletteregeszseg.hu\/index.php?rest_route=\/wp\/v2\/pages\/163\/revisions"}],"predecessor-version":[{"id":586,"href":"https:\/\/eletteregeszseg.hu\/index.php?rest_route=\/wp\/v2\/pages\/163\/revisions\/586"}],"up":[{"embeddable":true,"href":"https:\/\/eletteregeszseg.hu\/index.php?rest_route=\/wp\/v2\/pages\/6"}],"wp:featuredmedia":[{"embeddable":true,"href":"https:\/\/eletteregeszseg.hu\/index.php?rest_route=\/wp\/v2\/media\/91"}],"wp:attachment":[{"href":"https:\/\/eletteregeszseg.hu\/index.php?rest_route=%2Fwp%2Fv2%2Fmedia&parent=163"}],"curies":[{"name":"wp","href":"https:\/\/api.w.org\/{rel}","templated":true}]}}